
True
Is 6609 composite?
True
Is 91229 composite?
False
Is 6197 prime?
True
Is 169063 a composite number?
False
Is 5069 prime?
False
Is 2043221 composite?
True
Is 2749 composite?
False
Is 31687 a composite number?
False
Is 6991 prime?
True
Is 461015 a prime number?
False
Is 339049 a composite number?
False
Is 7115 prime?
False
Is 371 prime?
False
Is 122143 a prime number?
False
Is 559105 composite?
True
Is 1509571 a prime number?
False
Is 79831 a composite number?
True
Is 92621 a prime number?
False
Is 82177 composite?
True
Is 41843 prime?
True
Is 130171 a prime number?
True
Is 87341 composite?
True
Is 2897 composite?
False
Is 43661 prime?
True
Is 16243 a composite number?
True
Is 484691 prime?
True
Is 5981 prime?
True
Is 4201 composite?
False
Is 152078 composite?
True
Is 75503 composite?
False
Is 1027097 a composite number?
False
Is 64871 a composite number?
False
Is 35179 composite?
True
Is 40193 composite?
False
Is 70874 composite?
True
Is 35065 a prime number?
False
Is 1396657 prime?
True
Is 692221 composite?
False
Is 4151 a prime number?
False
Is 270287 composite?
False
Is 10559 composite?
False
Is 173137 composite?
False
Is 71471 composite?
False
Is 198461 a prime number?
True
Is 66149 a prime number?
False
Is 69239 prime?
True
Is 148663 prime?
True
Is 21479 a composite number?
True
Is 330557 a composite number?
False
Is 233 a prime number?
True
Is 235897 prime?
False
Is 1549033 a prime number?
True
Is 15511 a composite number?
False
Is 78043 a prime number?
False
Is 12394 a prime number?
False
Is 1206869 composite?
False
Is 253355 composite?
True
Is 5701 prime?
True
Is 77761 a prime number?
True
Is 302287 a composite number?
False
Is 30737 a composite number?
True
Is 5079 a prime number?
False
Is 68314 prime?
False
Is 1626109 a prime number?
True
Is 37747 prime?
True
Is 1044035 a composite number?
True
Is 71837 a prime number?
True
Is 136687 prime?
False
Is 6173 prime?
True
Is 13459 a prime number?
False
Is 27767 a composite number?
False
Is 10973 composite?
False
Is 5729 a prime number?
False
Is 1151 prime?
True
Is 462779 a composite number?
True
Is 105727 composite?
False
Is 38833 a composite number?
False
Is 95113 composite?
True
Is 821 a composite number?
False
Is 142971 composite?
True
Is 69929 a prime number?
True
Is 1817 a composite number?
True
Is 28369 a prime number?
False
Is 10541 composite?
True
Is 9383 a prime number?
False
Is 18779 prime?
False
Is 600053 prime?
True
Is 7327 a composite number?
True
Is 24197 a composite number?
False
Is 58477 a composite number?
False
Is 23189 prime?
True
Is 49423 prime?
False
Is 1347 a composite number?
True
Is 414593 a prime number?
False
Is 741349 a composite number?
True
Is 34841 a prime number?
True
Is 74581 a prime number?
False
Is 7509 a prime number?
False
Is 199513 a composite number?
True
Is 13391 a composite number?
True
Is 14662 a composite number?
True
Is 5069 composite?
True
Is 42095 prime?
False
Is 189109 a composite number?
True
Is 337 composite?
False
Is 1527727 prime?
True
Is 838703 prime?
False
Is 146891 a prime number?
True
Is 568963 a prime number?
True
Is 37087 a composite number?
False
Is 260101 prime?
False
Is 165641 a composite number?
True
Is 11659 composite?
True
Is 4783 prime?
True
Is 115865 composite?
True
Is 534683 prime?
False
Is 45905 a composite number?
True
Is 4719559 a composite number?
True
Is 219229 a composite number?
True
Is 275447 composite?
False
Is 6469 composite?
False
Is 26599 a prime number?
False
Is 86453 a prime number?
True
Is 9533 a composite number?
False
Is 854527 a prime number?
True
Is 191 prime?
True
Is 329179 a prime number?
False
Is 11215 a composite number?
True
Is 14689 prime?
False
Is 12709 prime?
False
Is 38273 composite?
False
Is 1211369 composite?
True
Is 287221 composite?
True
Is 98243 a prime number?
False
Is 18481 a composite number?
False
Is 941 a composite number?
False
Is 11461 composite?
True
Is 561911 prime?
False
Is 76511 prime?
True
Is 100043 composite?
False
Is 282641 a composite number?
True
Is 7967 a composite number?
True
Is 94709 a prime number?
True
Is 34253 a prime number?
True
Is 350257 a prime number?
True
Is 219721 a prime number?
True
Is 365441 a prime number?
True
Is 173887 composite?
True
Is 4406 a composite number?
True
Is 276869 a prime number?
True
Is 436619 prime?
False
Is 16438 prime?
False
Is 476831 a composite number?
False
Is 599657 composite?
False
Is 362077 a composite number?
True
Is 99727 prime?
False
Is 3829 prime?
False
Is 771281 prime?
False
Is 13159 composite?
False
Is 9121 composite?
True
Is 3819197 a prime number?
True
Is 44867 a composite number?
False
Is 23251 a prime number?
True
Is 361721 prime?
False
Is 14489 a prime number?
True
Is 307 composite?
False
Is 5147 composite?
False
Is 409 a composite number?
False
Is 1157287 a prime number?
False
Is 168497 a prime number?
False
Is 1847 a composite number?
False
Is 137983 prime?
True
Is 6599 a prime number?
True
Is 6247 prime?
True
Is 45993 a prime number?
False
Is 12889 prime?
True
Is 123771 prime?
False
Is 97219 composite?
True
Is 7261 composite?
True
Is 83117 a prime number?
True
Is 826997 composite?
False
Is 21701 composite?
False
Is 1366 a composite number?
True
Is 9347 prime?
False
Is 3779 a prime number?
True
Is 38783 prime?
True
Is 22307 a composite number?
False
Is 347707 a prime number?
True
Is 7753 prime?
True
Is 3629 composite?
True
Is 12319 prime?
False
Is 3437 a composite number?
True
Is 9731 prime?
False
Is 89695 a composite number?
True
Is 264599 a prime number?
True
Is 22353 composite?
True
Is 4717 prime?
False
Is 22181 composite?
True
Is 745739 composite?
True
Is 76177 a composite number?
True
Is 6247 a prime number?
True
Is 73237 a prime number?
True
Is 1657 prime?
True
Is 1434079 a prime number?
False
Is 54155 prime?
False
Is 511433 prime?
False
Is 3247 prime?
False
Is 26294 a prime number?
False
Is 14057 a composite number?
False
Is 14303 a composite number?
False
Is 20789 a prime number?
True
Is 410383 prime?
True
Is 7279 prime?
False
Is 178742 a prime number?
False
Is 2287543 prime?
False
Is 17623 a composite number?
False
Is 160099 composite?
True
Is 55465 composite?
True
Is 72757 a prime number?
False
Is 140977 prime?
True
Is 286913 a prime number?
False
Is 321509 prime?
True
Is 87691 prime?
True
Is 27397 a composite number?
False
Is 275641 a prime number?
True
Is 18007 a composite number?
True
Is 93967 a composite number?
False
Is 1259 prime?
True
Is 97283 a composite number?
False
Is 1064191 composite?
False
Is 1631 prime?
False
Is 396391 composite?
True
Is 1759 a prime number?
True
Is 307217 composite?
True
Is 560929 composite?
False
Is 901 composite?
True
Is 1954 a composite number?
True
Is 284061 a composite number?
True
Is 258179 composite?
True
Is 489479 a composite number?
False
Is 172685 a composite number?
True
Is 749002 a composite number?
True
Is 32093 a prime number?
False
Is 95377 a prime number?
False
Is 49727 a composite number?
False
Is 29947 prime?
True
Is 313423 prime?
False
Is 9385 prime?
False
Is 2929 a composite number?
True
Is 11989 a composite number?
True
Is 7807 a composite number?
True
Is 75307 a composite number?
False
Is 214237 a composite number?
False
Is 7121 composite?
False
Is 1821323 prime?
False
Is 68737 prime?
True
Is 907 a prime number?
True
Is 245969 a prime number?
False
Is 89363 prime?
True
Is 169199 a composite number?
False
Is 91681 a prime number?
False
Is 22107 a composite number?
True
Is 3271 a composite number?
False
Is 8119 a prime number?
False
Is 674183 composite?
False
Is 447643 prime?
False
Is 257389 a composite number?
True
Is 1989359 a composite number?
True
Is 13753 prime?
False
Is 5294 composite?
True
Is 64451 a prime number?
True
Is 663535 a prime number?
False
Is 365819 composite?
True
Is 37255 prime?
False
Is 63241 prime?
True
Is 15893 prime?
False
Is 118942 composite?
True
Is 1270609 a prime number?
True
Is 26867 composite?
True
Is 2999 composite?
False
Is 421207 a prime number?
True
Is 48151 composite?
True
Is 1105109 a composite number?
False
Is 3761 a composite number?
False
Is 21959 composite?
True
Is 119959 a composite number?
True
Is 181529 a prime number?
False
Is 20337 a composite number?
True
Is 48071 a prime number?
False
Is 1116257 composite